se 0*u - g - 627 = -4*u, 0 = -4*g + 20. Is u a prime number?
False
Let v(r) = 6*r - 14. Let o(a) = a - 1. Let n(f) = -8*o(f) + v(f). Is n(-8) prime?
False
Let v(b) = b. Let x(w) = -w - 1. Let p(n) = v(n) + 2*x(n). Let s be p(-5). Suppose s*r - 8 = 1. Is r a prime number?
True
Let r = -7 + 10. Suppose 3*x - 6 = 0, r*i + 13 = -4*x + 132. Is i a composite number?
False
Let u(t) = 3*t**3 - t**2 - 2*t + 2. Let m(h) = h + 1. Let f(k) = -m(k) + u(k). Is f(2) a prime number?
False
Suppose -86 = -r + 3*p, -50 - 214 = -3*r + 3*p. Is r a composite number?
False
Let z(q) = 13*q**2 - 5*q - 4. Let k be z(3). Is k*4 + 2 + 3 composite?
False
Let d(a) = -2288*a - 5. Is d(-1) a composite number?
True
Let u be (-2)/5 + (-1410)/(-25). Is (-1 - -4)/(-3) + u composite?
True
Let i(j) be the second derivative of j**3/6 + 3*j**2/2 - 2*j. Is i(10) prime?
True
Let l(v) = 63*v - 2. Let h be l(-8). Let q = h - -709. Is q prime?
False
Let g(f) = 4*f - 16. Let y(p) = p - 3. Let l(q) = -2*g(q) + 11*y(q). Let b be l(1). Suppose 6 = -b*x + 18. Is x prime?
False
Suppose a = 3*c + 12, -5*c - 10 = -5*a + 30. Suppose 0 = j + 4*s + 19, -3*s - a - 11 = -2*j. Is (0 - -1) + 1 + j composite?
False
Let j be (86/(-6) - 2)*-3. Is -3*11*j/(-21) prime?
False
Suppose -2*p - 4*v + 2452 = 0, -p + 0*p + 1250 = -4*v. Is p prime?
False
Let w(y) = 4*y**2 - 32*y + 2. Is w(22) prime?
False
Suppose 3*l - 1502 = -227. Suppose -t + 0*t - 2*y - 208 = 0, -5*y - 199 = t. Let v = l + t. Is v composite?
False
Suppose -2*b = -4*b + c + 73, 3*c = -9. Is b composite?
True
Suppose 0 = -w + 3 + 1. Suppose -4*d + 3*t = -9*d + 383, -t = w. Is d prime?
True
Suppose -3*v + 6*x - 7*x = -24211, 0 = 5*v - 4*x - 40363. Is v composite?
True
Let x(q) = -5*q - 4. Let v be x(-4). Suppose -2*i = -3*k - 107, -4*i + 137 = -5*k - 82. Let r = i + v. Is r prime?
False
Suppose -3*h = -t - 22969, -11724 = -3*h + 5*t + 11261. Is h prime?
False
Let b(i) = i**3 - i**2 - 2*i. Let l be b(2). Let u = 3 - l. Suppose -4*t - 5*y + 503 = 0, -t = 2*y - u*y - 128. Is t prime?
True
Let u(c) = c**2 + 11*c + 3. Let h be u(-11). Suppose 0 = 5*o + 4*r - 651, r = h*o - 4*r - 398. Is o composite?
False
Suppose -12 - 28 = -5*o. Let v(t) = 2*t**3 - 12*t**2 + t - 1. Is v(o) a prime number?
True
Let v(g) = -g**3 - 2*g**2 + 3*g. Let z be v(-3). Suppose 0 = 2*i + 2*c - 260, z = -6*i + i - 4*c + 647. Is i a composite number?
False
Let j(a) = -a**3 - a**2 + 5*a + 2. Let o be j(-3). Suppose -15 = -5*c, 0*t - t + o*c = 25. Let g = t - -23. Is g a composite number?
False
Suppose -9*m - 10527 = -28761. Is m prime?
False
Is 1448/10 + 1/5 a composite number?
True
Suppose -3*z = r, -1 = -2*r + 4*z + 9. Let x be r/(-9)*-3 - 93. Let p = -55 - x. Is p a composite number?
False
Suppose -4*b = -5*o + 3*o - 200, o = -4*b + 188. Suppose b = 3*w + 5*k, 4*w + 5*k = -0*w + 69. Is w composite?
True
Suppose -291 = -2*y + j + 85, 0 = -4*y - 3*j + 732. Let d = y + -101. Is d a prime number?
False
Suppose 0*u + 2 = u. Suppose -4*v = -4*n + 28, u*n + 3*v - 49 = -2*n. Is n prime?
False
Suppose -m + 1567 = -0*m. Is m composite?
False
Is (-189)/(-2) - (-3)/(-6) a composite number?
True
Suppose 0 = -2*t + 4*t - 2*f - 2, -5*f - 1 = -4*t. Let q = 8 - t. Suppose 3*n - 112 = -4*i, -9 = i - 2*i + q*n. Is i a prime number?
False
Let j = 10 - 7. Suppose -239 = -2*p - j*s - 0*s, 590 = 5*p + 5*s. Is p prime?
False
Let s = -76 - -4911. Is s a composite number?
True
Let o be ((-3)/(-9))/((-2)/(-138)). Suppose o = -4*l + 307. Is l a composite number?
False
Let y(a) = -a**2 + 25*a - 1. Is y(19) prime?
True
Let x = 75 - -82. Is x a prime number?
True
Suppose n - 38 = -2*f, -4*f + 2*n - n = -88. Is f a prime number?
False
Let r = -15 - -9. Let s = r - -3. Let t = 13 + s. Is t a prime number?
False
Let s = -4 - -9. Suppose -s*r + 10 = 0, -5*r + 34 = 3*v - 15. Is v prime?
True
Let q(y) = -y + 58. Suppose -l - 2*l = 0. Let t be q(l). Suppose -2*o + t = -128. Is o a prime number?
False
Suppose 2*f - 2*n = 6, -2*n = 1 - 3. Suppose f*z + 8 = 5*s, 2*s - 2*z + 6 = -5*z. Suppose -i - 5*w + 34 = 5, s = 4*i + 4*w - 84. Is i prime?
True
Let y(a) = -a**2 + a. Let n be y(-3). Is 166/3*(-18)/n prime?
True
Suppose -3*p - 4*x = 11, -2*p + 2*x = 2*p - 22. Suppose k = 4*t + 4*k - 808, p*k - 398 = -2*t. Is t a composite number?
True
Suppose r + j = 14 - 4, -5 = -4*r + 3*j. Suppose m - 4*u = 3*m - 490, r*m - u - 1269 = 0. Is m prime?
False
Let v(z) = -137*z - 7. Is v(-6) prime?
False
Let i = -88 + 359. Let q = -144 + i. Is q composite?
False
Suppose 3*g - 241 = -p, 2*g - g + p = 83. Is g a composite number?
False
Let c(g) = -7*g + 4 + 7*g**2 + 5*g + g**3 - 6*g. Let o be c(-8). Let a(q) = q**2 - q + 3. Is a(o) prime?
False
Let t(d) = 2*d**2 + 0 + 3*d**2 + d + 0 + 1. Let q = 4 + -1. Is t(q) prime?
False
Let q be 3*(2 + 6 - -3). Let r = q - 10. Is r a composite number?
False
Let j = 782 + -315. Is j a prime number?
True
Let f(b) = b**2 - b + 5. Let i(l) = -l + 1. Let p(t) = -3*t**2 + 5*t - 13. Let o(c) = 3*i(c) + p(c). Let k(d) = -5*f(d) - 2*o(d). Is k(-5) composite?
True
Is ((-66)/5)/(10/(-25) - 0) a prime number?
False
Let r(l) be the first derivative of l**5/60 + l**3/3 + 1. Let f(c) be the third derivative of r(c). Is f(3) prime?
False
Suppose 0 = -3*t - 509 + 1916. Is t composite?
True
Suppose n - 3 = 2. Let u = -4 + n. Is (-150 + 1)/(u*-1) a composite number?
False
Let s = -4609 - -7100. Is s prime?
False
Let m = -91 - -1140. Is m prime?
True
Let r(i) = 2*i + 0*i - 1 + 888*i**2 + 0. Is r(1) prime?
False
Let s(y) be the second derivative of 7*y**4/2 - 2*y**3/3 - 7*y**2/2 + 4*y. Is s(3) a prime number?
True
Let w = -321 - -792. Is w composite?
True
Suppose -y + 4 = 4*m - 3*y, 0 = -2*m - 3*y + 10. Suppose 3*p + p = -4*a + 656, a = m*p - 325. Is p a composite number?
False
Let l(p) = 26*p - 3. Let w be (2/3)/(16/120). Suppose -2*a = -5 - w. Is l(a) prime?
True
Let o = 6 + -4. Let z be 0 - (2 + (-34)/o). Suppose -z - 160 = -5*a. Is a composite?
True
Is -8*(-105)/10 - 1 composite?
False
Let j(u) = -217*u + 11. Is j(-2) prime?
False
Let b be 4 + (1 - 0 - 2). Suppose 2*i - 571 = -b*c + 3*i, -3*i - 185 = -c. Is c a composite number?
False
Let q(z) = -50*z**3 + z**2 + 4*z + 2. Is q(-2) composite?
True
Suppose 5*h + 26 = -329. Let y = h - -226. Suppose k - 124 = -4*v, y = 5*v + 3*k - 0*k. Is v composite?
False
Suppose 35163 = 5*m - 9542. Is m a composite number?
False
Let h(m) = 10*m**2 + 36*m + 16. Is h(-9) a composite number?
True
Suppose 3*t + y - 1922 = -0*y, 0 = -5*y - 5. Is t a composite number?
False
Let w = 7 - 3. Suppose -w*l + 115 = -1. Suppose 2*c = -l + 95. Is c a composite number?
True
Suppose 2*z = -5*p, -3*z = -7*p + 3*p. Let c = 2 - 2. Is p - (c + -61 - -2) a composite number?
False
Suppose -4*b - 3*p = -496, 2*b = -0*p - p + 250. Is b a composite number?
False
Suppose -m = -y - 3, -5*y + 20 = m + m. Let z be 1*(3 + 4/y). Suppose -z*s + 5*c + 50 = -0*s, 44 = 4*s - 5*c. Is s a composite number?
True
Is (130/15)/((-4)/(-42)) prime?
False
Suppose 0*i - 31 = -5*t - 3*i, -2 = -i. Suppose 2*o + 471 = t*z, 191 + 184 = 4*z - o. Suppose 2*j - z = -j. Is j a composite number?
False
Suppose 2*z + 3*z - 775 = 0. Is z a prime number?
False
Let r(t) = 3*t**2 + 5*t + 7 + t**2 - 5*t**2 + 0. Let b be r(6). Let q(p) = 95*p**2. Is q(b) a composite number?
True
Is 699/6 + (-9)/6 a composite number?
True
Suppose -4*m - 2*i - 3*i + 4679 = 0, 1 = -i. Is m a prime number?
True
Let h = 445 - 246. Is h a prime number?
True
Suppose 0*j + 3*j = 0. Let f(p) = -27*p**3 - 4*p**2 - p + 4. Let i be f(-2). Suppose j = -m - m + i. Is m composite?
False
Let v be (-4)/6*(-9)/6. Is 128 - 1 - (-1 + v) a composite number?
False
Let p(j) = -53*j - 41. Let x(v) = 13*v + 10. Let k(u) = 2*p(u) + 9*x(u). Is k(7) a composite number?
True
Let c = 87 - 173. Let l = -51 - c. Is l composite?
True
Let a = -89 - -136. Is a composite?
False
Let f be (-6)/4*20/(-15). Suppose 230 = -f*r + 4*r. Is r a prime number?
False
Let h(f) = 2*f - 5. Let m(j) = -4*j + 9. Let u(r) = -7*h(r) - 4*m(r). Let t be u(1). Is 26/4 - t/(-2) a composite number?
False
Let t(r) = 96*r**2 + 3*r - 3. Let d be t(-4). Is (-2)/(-8) + d/12 prime?
True
Let a = -18 + 27. Let v = a + -5. Suppose -246 = -v*u + 62. Is u composite?
True
Is ((-1295)/(-10))/((-2)/(-4)) composite?
True
Suppose 23 = 